{"id":3,"date":"2022-02-22T18:29:10","date_gmt":"2022-02-22T21:29:10","guid":{"rendered":"http:\/\/astrodestino.com.br\/site2022\/?page_id=3"},"modified":"2022-07-30T09:09:54","modified_gmt":"2022-07-30T12:09:54","slug":"politica-de-privacidade","status":"publish","type":"page","link":"https:\/\/astrodestino.com.br\/site\/politica-de-privacidade\/","title":{"rendered":"Pol\u00edtica de privacidade"},"content":{"rendered":"\n<p>Os presentes termos e condi\u00e7\u00f5es de uso (\u201cTermos de Uso\u201d) visam regular as&nbsp; opera\u00e7\u00f5es no canal virtual disponibilizado ao p\u00fablico em geral pela Astrodestino,&nbsp; com objetivo de viabilizar o oferecimento dos servi\u00e7os de astrologia fornecidos pela&nbsp; Astrodestino.&nbsp;<\/p>\n\n\n\n<p>Leia atentamente os Termos de Uso a seguir, pois que tais disposi\u00e7\u00f5es, amparadas&nbsp; na Lei 8.078\/1990 (C\u00f3digo de Defesa do Consumidor), na Lei 12.965\/2014 (Marco&nbsp; Civil da internet) e na Lei 13.709\/2018 (Lei Geral de Prote\u00e7\u00e3o de Dados Pessoais &#8211; LGPD), estabelecer\u00e3o as regras de acesso e uso da Astrodestino, bem como as&nbsp; informa\u00e7\u00f5es e condi\u00e7\u00f5es aplic\u00e1veis \u00e0s transa\u00e7\u00f5es comerciais, por interm\u00e9dio deles&nbsp; disponibilizadas aos(as) usu\u00e1rios(as) em geral.&nbsp;<\/p>\n\n\n\n<h2 class=\"wp-block-heading\"><strong>1. <\/strong>Condi\u00e7\u00f5es gerais aplic\u00e1veis a todos os usu\u00e1rios da Astrodestino<\/h2>\n\n\n\n<h3 class=\"wp-block-heading\"><strong>1.1 Servi\u00e7os oferecidos pela Astrodestino&nbsp;<\/strong><\/h3>\n\n\n\n<p>A Astrodestino atualmente fornece os seguintes servi\u00e7os: a) Mapa K\u00e1rmico&nbsp;<\/p>\n\n\n\n<p>b) Sinastria&nbsp;<\/p>\n\n\n\n<p>c) Mapa do Beb\u00ea&nbsp;<\/p>\n\n\n\n<p>d) Orienta\u00e7\u00e3o Profissional&nbsp;<\/p>\n\n\n\n<p>e) Nome para o Beb\u00ea&nbsp;<\/p>\n\n\n\n<p>f) Nome Profissional&nbsp;<\/p>\n\n\n\n<p>g) Nome para Empresa&nbsp;<\/p>\n\n\n\n<p>h) Medita\u00e7\u00e3o e Mentaliza\u00e7\u00f5es.&nbsp;<\/p>\n\n\n\n<p>Por interm\u00e9dio de seus canais virtuais<strong>, <\/strong>a Astrodestino informa detalhadamente as&nbsp; caracter\u00edsticas, bem como os respectivos pre\u00e7os e formas de pagamento dos seus&nbsp; servi\u00e7os.&nbsp;<\/p>\n\n\n\n<p>Eventuais valores promocionais, assim entendida a concess\u00e3o de descontos no&nbsp; valor dos servi\u00e7os, ser\u00e3o informados previamente nos canais virtuais e aplicados j\u00e1&nbsp; no processo de contrata\u00e7\u00e3o.&nbsp;<\/p>\n\n\n\n<p>Leia atentamente todas as informa\u00e7\u00f5es antes de contratar quaisquer servi\u00e7os da&nbsp; Astrodestino, garantido assim que suas expectativas sejam plenamente atendidas.&nbsp; Qualquer d\u00favida, a Astrodestino fica \u00e0 disposi\u00e7\u00e3o pelo e-mail&nbsp; andreia@astrodestino.com.br ou Whatsapp 55 11 94245 3440.<\/p>\n\n\n\n<p>A Astrodestino reserva-se ao direito de alterar a qualquer momento as&nbsp; caracter\u00edsticas, pre\u00e7os e formas de pagamento dos servi\u00e7os, resguardadas os&nbsp; termos e condi\u00e7\u00f5es previamente j\u00e1 contratados.&nbsp;<\/p>\n\n\n\n<h3 class=\"wp-block-heading\"><strong>1.2 Agendamento&nbsp;<\/strong><\/h3>\n\n\n\n<p>Para agendar uma consulta, o(a) usu\u00e1rio(a) dever\u00e1 preencher um cadastro online,&nbsp; informando nome completo, telefone e e-mail.&nbsp;<\/p>\n\n\n\n<p>O(A) usu\u00e1rio(a) ser\u00e1 inteiramente respons\u00e1vel pela veracidade dos dados por&nbsp; ele(a) inseridos quando do preenchimento de seu cadastro, sendo que o endere\u00e7o&nbsp; eletr\u00f4nico informado ser\u00e1 oficialmente utilizado pela Astrodestino para&nbsp; encaminhamento de todas as informa\u00e7\u00f5es e avisos referentes ao servi\u00e7o&nbsp; contratado, raz\u00e3o pela qual eventual altera\u00e7\u00e3o posterior dever\u00e1 ser imediatamente&nbsp; comunicada pelo(a) usu\u00e1rio(a), sob pena de presumir-se como devidamente por&nbsp; ele(a) recebidas as informa\u00e7\u00f5es repassadas ao endere\u00e7o eletr\u00f4nico originalmente&nbsp; informado.&nbsp;<\/p>\n\n\n\n<p>Menores de 18 anos dever\u00e3o proceder exclusivamente ao cadastro por interm\u00e9dio&nbsp; de seus respons\u00e1veis legais, sendo que estes se responsabilizam pela veracidade e&nbsp; compartilhamento das informa\u00e7\u00f5es dos menores de idade com a Astrodestino.&nbsp;<\/p>\n\n\n\n<h3 class=\"wp-block-heading\"><strong>1.3 Aceita\u00e7\u00e3o aos Termos de Uso&nbsp;<\/strong><\/h3>\n\n\n\n<p>Ap\u00f3s realizar seu cadastro, o(a) usu\u00e1rio(a) dever\u00e1 ler e aceitar expressamente&nbsp; (mediante clique no \u201cli e aceito\u201d do processo de cadastro do Site) o conte\u00fado&nbsp; integral dos Termos de Uso. Uma vez aceitos pelo(a) usu\u00e1rio(a), os Termos de Uso&nbsp; tornar-se-\u00e3o vinculantes e execut\u00e1veis para ambas as partes, regrando a partir de&nbsp; ent\u00e3o a rela\u00e7\u00e3o entre elas.&nbsp;<\/p>\n\n\n\n<h3 class=\"wp-block-heading\"><strong>1.4 Registro e monitoramento da comunica\u00e7\u00e3o com a Astrodestino&nbsp;<\/strong><\/h3>\n\n\n\n<p>Todas as comunica\u00e7\u00f5es entre Astrodestino e usu\u00e1rio(a), incluindo conversas&nbsp; telef\u00f4nicas, e-mails, mensagens pelo aplicativo WhatsApp (ou outros semelhantes),&nbsp; v\u00eddeo confer\u00eancias, etc., poder\u00e3o ser monitoradas e registradas pela empresa para&nbsp; fins de seguran\u00e7a, garantia de qualidade, registro legal ou de treinamento.&nbsp;<\/p>\n\n\n\n<h3 class=\"wp-block-heading\"><strong>1.5 Isen\u00e7\u00e3o de Responsabilidade&nbsp;<\/strong><\/h3>\n\n\n\n<p>A Astrodestino n\u00e3o poder\u00e1 ser responsabilizada pelos seguintes fatos: <\/p>\n\n\n\n<p>a. Equipamento infectado ou invadido por <em>hackers<\/em>;<\/p>\n\n\n\n<p>b. Equipamento avariado no momento do consumo de servi\u00e7os; c. Prote\u00e7\u00e3o do computador;&nbsp;<\/p>\n\n\n\n<p>d. Prote\u00e7\u00e3o das informa\u00e7\u00f5es baseadas nos computadores dos usu\u00e1rios; e. Abuso de uso dos computadores dos usu\u00e1rios;&nbsp;<\/p>\n\n\n\n<p>f. Monitora\u00e7\u00e3o clandestina do computador dos usu\u00e1rios;&nbsp;<\/p>\n\n\n\n<p>g. Vulnerabilidades ou instabilidades existentes nos sistemas dos usu\u00e1rios; h. Per\u00edmetro inseguro;&nbsp;<\/p>\n\n\n\n<p>i. Incidentes de viola\u00e7\u00e3o de dados pessoais;&nbsp;<\/p>\n\n\n\n<p>j. Multas ou san\u00e7\u00f5es impostas pela Autoridade Nacional de Prote\u00e7\u00e3o de Dados; k. A\u00e7\u00f5es judiciais resultantes de incidentes envolvendo dados pessoais.&nbsp;<\/p>\n\n\n\n<p>Em nenhuma hip\u00f3tese, a Astrodestino ser\u00e1 respons\u00e1vel pela instala\u00e7\u00e3o no&nbsp; equipamento do(a) usu\u00e1rio(a) ou de terceiros, de c\u00f3digos maliciosos (v\u00edrus, trojans,&nbsp; malware, worm, bot, backdoor, spyware, rootkit, ou de quaisquer outros que&nbsp; venham a ser criados), em decorr\u00eancia da navega\u00e7\u00e3o na internet pelo(a)&nbsp; usu\u00e1rio(a).&nbsp;<\/p>\n\n\n\n<h3 class=\"wp-block-heading\"><strong>1.6 Responsabilidades do(a) usu\u00e1rio(a)&nbsp;<\/strong><\/h3>\n\n\n\n<p>O(a) usu\u00e1rio \u00e9 respons\u00e1vel pela atualiza\u00e7\u00e3o das suas informa\u00e7\u00f5es pessoais e&nbsp; consequ\u00eancias na omiss\u00e3o ou erros nas informa\u00e7\u00f5es pessoais cadastradas.&nbsp;<\/p>\n\n\n\n<p>O(a) usu\u00e1rio(a) \u00e9 respons\u00e1vel pela repara\u00e7\u00e3o de todos e quaisquer danos, diretos&nbsp; ou indiretos (inclusive decorrentes de viola\u00e7\u00e3o de quaisquer direitos de outros&nbsp; usu\u00e1rios, de terceiros, inclusive direitos de propriedade intelectual, de sigilo e de&nbsp; personalidade), que sejam causados \u00e0 Astrodestino, a qualquer outro usu\u00e1rio(a),&nbsp; ou, ainda, a qualquer terceiro, inclusive em virtude do descumprimento do disposto&nbsp; nestes Termos de Uso ou de qualquer ato praticado a partir de seu acesso \u00e0&nbsp; internet e ao s\u00edtio https:\/\/astrodestino.com.br\/site\/.&nbsp;<\/p>\n\n\n\n<h2 class=\"wp-block-heading\"><strong>2. Pol\u00edtica de privacidade\u00a0\u00a0<\/strong><\/h2>\n\n\n\n<h3 class=\"wp-block-heading\"><strong>2.1 Quais os objetivos de nossa pol\u00edtica de prote\u00e7\u00e3o de dados?&nbsp;<\/strong><\/h3>\n\n\n\n<p>Nossa pol\u00edtica de privacidade serve para explicar ao(\u00e0) usu\u00e1rio(a) do Astrodestino&nbsp; como e por que os dados e informa\u00e7\u00f5es por ele(a) disponibilizados (\u201cdados&nbsp; coletados\u201d) s\u00e3o coletados, tratados, armazenados e manipulados pela Astrodestino,&nbsp; de modo a satisfazer requisitos espec\u00edficos da legisla\u00e7\u00e3o de prote\u00e7\u00e3o de dados e&nbsp; regulamenta\u00e7\u00e3o de privacidade.<\/p>\n\n\n\n<p>Nossa Pol\u00edtica de Privacidade se aplica \u00e0 Astrodestino como destinat\u00e1ria dos dados&nbsp; pessoais eventualmente fornecidos pelo(a)s usu\u00e1rio(a)s e pelos quais a&nbsp; Astrodestino torna-se respons\u00e1vel \u2013 a partir da respectiva coleta \u2013 pela utiliza\u00e7\u00e3o,&nbsp; armazenamento e prote\u00e7\u00e3o na qualidade de controladora das informa\u00e7\u00f5es&nbsp; fornecidas conforme a defini\u00e7\u00e3o legal.&nbsp;<\/p>\n\n\n\n<h3 class=\"wp-block-heading\"><strong>2.2 Qual o compromisso da Astrodestino com a prote\u00e7\u00e3o de dados?&nbsp;<\/strong><\/h3>\n\n\n\n<p>A Astrodestino considera a prote\u00e7\u00e3o da privacidade de dados pessoais de extrema&nbsp; relev\u00e2ncia, comprometendo-se a salvaguardar nos termos da legisla\u00e7\u00e3o em vigor a&nbsp; privacidade de todos aqueles que, de algum modo, a ela disponibilizam suas&nbsp; informa\u00e7\u00f5es de car\u00e1ter pessoal.&nbsp;<\/p>\n\n\n\n<h3 class=\"wp-block-heading\"><strong>2.3 De quem \u00e9 a responsabilidade pelo tratamento dos dados coletados?<\/strong><\/h3>\n\n\n\n<p>A responsabilidade pelo tratamento, armazenagem e manipula\u00e7\u00e3o dos dados&nbsp; coletados \u00e9 exclusiva da Astrodestino.&nbsp;<\/p>\n\n\n\n<h3 class=\"wp-block-heading\"><strong>2.4 Quais s\u00e3o os dados coletados?&nbsp;<\/strong><\/h3>\n\n\n\n<p>Para efeito da pol\u00edtica de privacidade da Astrodestino, consideram-se dados&nbsp; coletados as informa\u00e7\u00f5es disponibilizadas pelo(a) usu\u00e1rio(a) no ato de seu cadastro&nbsp; (nome completo, e-mail e telefone), bem como aquelas obtidas quando do processo&nbsp; de presta\u00e7\u00e3o dos nossos servi\u00e7os.&nbsp;<\/p>\n\n\n\n<p>Nossos sites utilizam cookies de navega\u00e7\u00e3o, ou seja, pequenos arquivos de texto&nbsp; que ficam gravados no computador do internauta e podem ser recuperados durante&nbsp; a navega\u00e7\u00e3o. Contudo, os cookies n\u00e3o armazenam nenhuma informa\u00e7\u00e3o pessoal,&nbsp; apenas cont\u00eam dados de rastreamento que permitem ao site reconhecer sua&nbsp; presen\u00e7a mediante o navegador do usu\u00e1rio, oferecendo uma experi\u00eancia mais&nbsp; customizada de navega\u00e7\u00e3o e ofertas. Estes cookies s\u00e3o previamente autorizados&nbsp; pelo usu\u00e1rio do site e podem, a qualquer momento, serem por ele descartados ou&nbsp; bloqueados, conforme instru\u00e7\u00f5es espec\u00edficas do respectivo navegador.&nbsp;<\/p>\n\n\n\n<h3 class=\"wp-block-heading\"><strong>2.5 Quando os dados s\u00e3o coletados?&nbsp;<\/strong><\/h3>\n\n\n\n<p>A Astrodestino poder\u00e1 coletar seus dados pessoais no ato de seu cadastro, no&nbsp; momento de pagamento e usufruto de nosso servi\u00e7os, ou ainda, eventualmente,&nbsp; quando o(a) usu\u00e1rio(a) entra em contato com a Astrodestino para alguma consulta.&nbsp;<\/p>\n\n\n\n<h3 class=\"wp-block-heading\"><strong>2.6 Por que os dados coletados s\u00e3o utilizados?<\/strong><\/h3>\n\n\n\n<p>Os dados coletados ser\u00e3o utilizados para:&nbsp;<\/p>\n\n\n\n<p>a) Viabilizar o agendamento de consultas;&nbsp;<\/p>\n\n\n\n<p>b) Viabilizar o processo de pagamento (e respectiva emiss\u00e3o de notas-fiscais) pelo&nbsp; servi\u00e7o contratado;&nbsp;<\/p>\n\n\n\n<p>c) Prestar os servi\u00e7os contratados;&nbsp;<\/p>\n\n\n\n<p>d) Para eventuais campanhas promocionais e institucionais da Astrodestino; e) Cumprimento de obriga\u00e7\u00f5es legais e regulat\u00f3rias;&nbsp;<\/p>\n\n\n\n<p>f) Exerc\u00edcio de outras atividades essenciais para a regular opera\u00e7\u00e3o da&nbsp; Astrodestino, no \u00e2mbito de seu objeto social.&nbsp;<\/p>\n\n\n\n<h3 class=\"wp-block-heading\"><strong>2.7 Com quem os dados coletados s\u00e3o compartilhados e\/ou transferidos?<\/strong><\/h3>\n\n\n\n<p>A Astrodestino n\u00e3o vende ou aluga os dados coletados a terceiros, nem t\u00e3o pouco&nbsp; os utiliza ou compartilha de maneira diversa da descrita nesta Pol\u00edtica de&nbsp; Privacidade, sem o pr\u00e9vio consentimento do usu\u00e1rio, salvo mediante ordem judicial&nbsp; em sentido contr\u00e1rio.&nbsp;<\/p>\n\n\n\n<p>Os dados coletados poder\u00e3o ser compartilhados com terceiros, exclusivamente, nas&nbsp; seguintes hip\u00f3teses:&nbsp;<\/p>\n\n\n\n<p>a) por ordem judicial ou disposi\u00e7\u00e3o legal.&nbsp;<\/p>\n\n\n\n<p>b) Trabalhamos com terceiros que prestam servi\u00e7os, que podem incluir a&nbsp; hospedagem do site, a realiza\u00e7\u00e3o da promo\u00e7\u00e3o, processamento de pedidos,&nbsp; libera\u00e7\u00e3o de cart\u00e3o de cr\u00e9dito, an\u00e1lise de dados e outros servi\u00e7os de natureza&nbsp; administrativa.&nbsp;&nbsp;<\/p>\n\n\n\n<p>As informa\u00e7\u00f5es pessoais, incluindo informa\u00e7\u00f5es financeiras, podem ser&nbsp; compartilhadas com terceiros para efeitos da presta\u00e7\u00e3o de tais servi\u00e7os a voc\u00ea.&nbsp; Procuramos impor obriga\u00e7\u00f5es de confidencialidade sobre esses prestadores de&nbsp; servi\u00e7os. Al\u00e9m disso, empresas coligadas aa Astrodestino poder\u00e3o utilizar suas&nbsp; informa\u00e7\u00f5es pessoais sob os termos desta Pol\u00edtica de Privacidade. Tamb\u00e9m nos&nbsp; reservamos o direito de divulgar informa\u00e7\u00f5es pessoais a terceiros, quando&nbsp; acreditamos de boa f\u00e9 que a lei o exige, para fazer valer os nossos Termos de&nbsp; Servi\u00e7o, para proteger os direitos, propriedade, seguran\u00e7a ou a seguran\u00e7a da&nbsp; Astrodestino ou do p\u00fablico, para responder a uma emerg\u00eancia, ou conforme&nbsp; indicado nesta Pol\u00edtica de Privacidade.&nbsp;<\/p>\n\n\n\n<h3 class=\"wp-block-heading\"><strong>2.8 Como a Astrodestino protege os dados coletados?&nbsp;<\/strong><\/h3>\n\n\n\n<p>A Astrodestino adota medidas e controles r\u00edgidos de prote\u00e7\u00e3o de dados, privacidade&nbsp; e seguran\u00e7a, a fim de salvaguardar os dados coletados, incluindo dentre elas&nbsp; criptografia de dados em seus <em>sites<\/em>, <em>backup <\/em>de dados em locais externos.<\/p>\n\n\n\n<h3 class=\"wp-block-heading\"><strong>2.9 Durante quanto tempo os dados coletados s\u00e3o armazenados?&nbsp;<\/strong><\/h3>\n\n\n\n<p>A Astrodestino armazenar\u00e1 os dados coletados pelo per\u00edodo que considerar&nbsp; necess\u00e1rio ao devido cumprimento das finalidades que determinaram sua&nbsp; respectiva coleta.&nbsp;<\/p>\n\n\n\n<p>A Astrodestino respeitar\u00e1 o prazo legal m\u00ednimo de armazenamento de informa\u00e7\u00f5es&nbsp; dos(as) usu\u00e1rios(as), conforme disposto na Lei n. 12.965\/2014.&nbsp;<\/p>\n\n\n\n<h3 class=\"wp-block-heading\"><strong>2.10 Quais s\u00e3o os direitos do(a)s usu\u00e1rio(a)s como titulares de dados&nbsp; pessoais?&nbsp;<\/strong><\/h3>\n\n\n\n<p>A Astrodestino reserva aos respectivo(a)s usu\u00e1rio(a)s a possibilidade de exercerem&nbsp; os direitos previstos na Lei Geral de Prote\u00e7\u00e3o de Dados Pessoais (\u201cLGPD\u201d), podendo&nbsp; apresentar solicita\u00e7\u00f5es relacionadas aos seus dados pessoais, tais como: a) Confirma\u00e7\u00e3o da exist\u00eancia de tratamento;&nbsp;<\/p>\n\n\n\n<p>b) Acesso aos dados pessoais;&nbsp;<\/p>\n\n\n\n<p>c) Corre\u00e7\u00e3o de dados incompletos, inexatos ou desatualizados; d) Anonimiza\u00e7\u00e3o, bloqueio ou elimina\u00e7\u00e3o de dados desnecess\u00e1rios, excessivos&nbsp; ou supostamente tratados em desconformidade com a LGPD, ressalvadas as&nbsp; hip\u00f3teses previstas em Lei;&nbsp;<\/p>\n\n\n\n<p>e) Portabilidade dos dados a outro fornecedor de servi\u00e7o ou produto, mediante&nbsp; requisi\u00e7\u00e3o expressa pelo usu\u00e1rio;&nbsp;<\/p>\n\n\n\n<p>f) Elimina\u00e7\u00e3o dos dados tratados com consentimento do usu\u00e1rio, ressalvadas&nbsp; as hip\u00f3teses previstas em Lei;&nbsp;<\/p>\n\n\n\n<p>g) Obten\u00e7\u00e3o de informa\u00e7\u00f5es sobre as entidades com as quais compartilhou os&nbsp; seus dados;&nbsp;<\/p>\n\n\n\n<p>h) Informa\u00e7\u00e3o sobre a possibilidade de o usu\u00e1rio n\u00e3o fornecer o consentimento,&nbsp; bem como de ser informado sobre as consequ\u00eancias em caso de negativa; i) Informa\u00e7\u00f5es relacionadas ao tratamento, armazenagem e destina\u00e7\u00e3o dos&nbsp; dados pessoais, no \u00e2mbito da LGPD;&nbsp;<\/p>\n\n\n\n<p>j) Revoga\u00e7\u00e3o do consentimento.&nbsp;<\/p>\n\n\n\n<p>Para exercer os direitos indicados acima, por favor, entre em contato atrav\u00e9s do e mail andreia@astrodestino.com.br.&nbsp;<\/p>\n\n\n\n<h2 class=\"wp-block-heading\"><strong>3. Disposi\u00e7\u00f5es finais\u00a0<\/strong><\/h2>\n\n\n\n<p>3.1 \u00c9 vedado o(a) usu\u00e1rio(a) ceder ou transferir a terceiros os direitos e&nbsp; obriga\u00e7\u00f5es decorrentes do presente instrumento, total ou parcialmente, salvo se&nbsp; com concord\u00e2ncia pr\u00e9via e expressa da Astrodestino.<\/p>\n\n\n\n<p>3.2 A Astrodestino poder\u00e1 terceirizar parte ou a totalidade de suas obriga\u00e7\u00f5es&nbsp; assumidas nestes Termos de Uso ou sua execu\u00e7\u00e3o sem a comunica\u00e7\u00e3o ou anu\u00eancia&nbsp; pr\u00e9via do(a) usu\u00e1rio.&nbsp;<\/p>\n\n\n\n<p>3.3 A declara\u00e7\u00e3o de nulidade de qualquer disposi\u00e7\u00e3o destes Termos de Uso, n\u00e3o&nbsp; invalida nenhuma das demais.&nbsp;<\/p>\n\n\n\n<p>3.4 A toler\u00e2ncia de uma parte para com a outra, relativamente ao descumprimento&nbsp; de qualquer das obriga\u00e7\u00f5es assumidas nestes Termos de Uso, constitui mera&nbsp; liberalidade, n\u00e3o sendo considerada nova\u00e7\u00e3o ou ren\u00fancia a qualquer direito, n\u00e3o&nbsp; impedindo que a parte tolerante exija da outra o seu fiel cumprimento, a qualquer&nbsp; tempo.&nbsp;<\/p>\n\n\n\n<p>3.5 Estes Termos de Uso s\u00e3o regidos e interpretados de acordo com as leis&nbsp; brasileiras.&nbsp;<\/p>\n\n\n\n<p>3.6 A Astrodestino poder\u00e1 alterar as disposi\u00e7\u00f5es dos Termos de Uso e respectivas&nbsp; pol\u00edticas a eles relacionadas a qualquer tempo, disponibilizando-as em seu site.&nbsp;<\/p>\n\n\n\n<p>3.7 Estes Termos de Uso representam o total entendimento entre a Astrodestino e&nbsp; o(a) usu\u00e1rio(a) em rela\u00e7\u00e3o \u00e0 mat\u00e9ria aqui tratada, devendo prevalecer sobre&nbsp; quaisquer outros entendimentos pret\u00e9ritos sobre a mesma mat\u00e9ria, sejam estes&nbsp; verbais ou escritos.&nbsp;<\/p>\n\n\n\n<p>3.8 Caso qualquer dispositivo destes Termos de Uso sejam considerados, por um&nbsp; tribunal competente, como sendo contr\u00e1rios \u00e0 lei, referidos dispositivos dever\u00e3o ser&nbsp; aplicados na maior extens\u00e3o permitida, permanecendo os demais dispositivos em&nbsp; pleno vigor e efic\u00e1cia.&nbsp;<\/p>\n\n\n\n<p>3.9 Os presentes Termos de Uso permanecer\u00e3o v\u00e1lidos e vigentes, sem qualquer&nbsp; altera\u00e7\u00e3o, interrup\u00e7\u00e3o ou necessidade de aviso pr\u00e9vio, em caso de fus\u00e3o,&nbsp; incorpora\u00e7\u00e3o, cis\u00e3o, aquisi\u00e7\u00e3o, ou qualquer outro tipo de opera\u00e7\u00e3o societ\u00e1ria que&nbsp; resulte na transfer\u00eancia do controle societ\u00e1rio ou do neg\u00f3cio da Astrodestino ou&nbsp; Astrodestino Jur\u00eddico Pessoal para entidade terceira.&nbsp;<\/p>\n\n\n\n<p>3.10 Para dirimir eventuais conflitos decorrentes dos Termos de Uso e respectivas&nbsp; pol\u00edticas, inclusive Pol\u00edtica de Privacidade, fica eleito o foro da comarca de S\u00e3o&nbsp; Paulo, SP.<\/p>\n","protected":false},"excerpt":{"rendered":"<p>Os presentes termos e condi\u00e7\u00f5es de uso (\u201cTermos de Uso\u201d) visam regular as&nbsp; opera\u00e7\u00f5es no canal virtual disponibilizado ao p\u00fablico em geral pela Astrodestino,&nbsp; com objetivo de viabilizar o oferecimento dos servi\u00e7os de astrologia fornecidos pela&nbsp; Astrodestino.&nbsp; Leia atentamente os Termos de Uso a seguir, pois que tais disposi\u00e7\u00f5es, amparadas&nbsp; na Lei 8.078\/1990 (C\u00f3digo de [&hellip;]<\/p>\n","protected":false},"author":1,"featured_media":0,"parent":0,"menu_order":0,"comment_status":"closed","ping_status":"open","template":"","meta":{"_acf_changed":false,"footnotes":""},"class_list":["post-3","page","type-page","status-publish","hentry"],"acf":[],"yoast_head":"<!-- This site is optimized with the Yoast SEO plugin v27.2 - https:\/\/yoast.com\/product\/yoast-seo-wordpress\/ -->\n<title>Pol\u00edtica de privacidade - Astrodestino - Astrologia<\/title>\n<meta name=\"robots\" content=\"index, follow, max-snippet:-1, max-image-preview:large, max-video-preview:-1\" \/>\n<link rel=\"canonical\" href=\"https:\/\/astrodestino.com.br\/site\/politica-de-privacidade\/\" \/>\n<meta property=\"og:locale\" content=\"pt_BR\" \/>\n<meta property=\"og:type\" content=\"article\" \/>\n<meta property=\"og:title\" content=\"Pol\u00edtica de privacidade - Astrodestino - Astrologia\" \/>\n<meta property=\"og:description\" content=\"Os presentes termos e condi\u00e7\u00f5es de uso (\u201cTermos de Uso\u201d) visam regular as&nbsp; opera\u00e7\u00f5es no canal virtual disponibilizado ao p\u00fablico em geral pela Astrodestino,&nbsp; com objetivo de viabilizar o oferecimento dos servi\u00e7os de astrologia fornecidos pela&nbsp; Astrodestino.&nbsp; Leia atentamente os Termos de Uso a seguir, pois que tais disposi\u00e7\u00f5es, amparadas&nbsp; na Lei 8.078\/1990 (C\u00f3digo de [&hellip;]\" \/>\n<meta property=\"og:url\" content=\"https:\/\/astrodestino.com.br\/site\/politica-de-privacidade\/\" \/>\n<meta property=\"og:site_name\" content=\"Astrodestino - Astrologia\" \/>\n<meta property=\"article:modified_time\" content=\"2022-07-30T12:09:54+00:00\" \/>\n<meta name=\"twitter:card\" content=\"summary_large_image\" \/>\n<meta name=\"twitter:label1\" content=\"Est. tempo de leitura\" \/>\n\t<meta name=\"twitter:data1\" content=\"12 minutos\" \/>\n<script type=\"application\/ld+json\" class=\"yoast-schema-graph\">{\"@context\":\"https:\/\/schema.org\",\"@graph\":[{\"@type\":\"WebPage\",\"@id\":\"https:\/\/astrodestino.com.br\/site\/politica-de-privacidade\/\",\"url\":\"https:\/\/astrodestino.com.br\/site\/politica-de-privacidade\/\",\"name\":\"Pol\u00edtica de privacidade - Astrodestino - Astrologia\",\"isPartOf\":{\"@id\":\"https:\/\/astrodestino.com.br\/site\/#website\"},\"datePublished\":\"2022-02-22T21:29:10+00:00\",\"dateModified\":\"2022-07-30T12:09:54+00:00\",\"breadcrumb\":{\"@id\":\"https:\/\/astrodestino.com.br\/site\/politica-de-privacidade\/#breadcrumb\"},\"inLanguage\":\"pt-BR\",\"potentialAction\":[{\"@type\":\"ReadAction\",\"target\":[\"https:\/\/astrodestino.com.br\/site\/politica-de-privacidade\/\"]}]},{\"@type\":\"BreadcrumbList\",\"@id\":\"https:\/\/astrodestino.com.br\/site\/politica-de-privacidade\/#breadcrumb\",\"itemListElement\":[{\"@type\":\"ListItem\",\"position\":1,\"name\":\"In\u00edcio\",\"item\":\"https:\/\/astrodestino.com.br\/site\/\"},{\"@type\":\"ListItem\",\"position\":2,\"name\":\"Pol\u00edtica de privacidade\"}]},{\"@type\":\"WebSite\",\"@id\":\"https:\/\/astrodestino.com.br\/site\/#website\",\"url\":\"https:\/\/astrodestino.com.br\/site\/\",\"name\":\"Astrodestino - Astrologia\",\"description\":\"Estudos com base na pr\u00e1tica de mais de 30 anos de atendimento\",\"potentialAction\":[{\"@type\":\"SearchAction\",\"target\":{\"@type\":\"EntryPoint\",\"urlTemplate\":\"https:\/\/astrodestino.com.br\/site\/?s={search_term_string}\"},\"query-input\":{\"@type\":\"PropertyValueSpecification\",\"valueRequired\":true,\"valueName\":\"search_term_string\"}}],\"inLanguage\":\"pt-BR\"}]}<\/script>\n<!-- \/ Yoast SEO plugin. -->","yoast_head_json":{"title":"Pol\u00edtica de privacidade - Astrodestino - Astrologia","robots":{"index":"index","follow":"follow","max-snippet":"max-snippet:-1","max-image-preview":"max-image-preview:large","max-video-preview":"max-video-preview:-1"},"canonical":"https:\/\/astrodestino.com.br\/site\/politica-de-privacidade\/","og_locale":"pt_BR","og_type":"article","og_title":"Pol\u00edtica de privacidade - Astrodestino - Astrologia","og_description":"Os presentes termos e condi\u00e7\u00f5es de uso (\u201cTermos de Uso\u201d) visam regular as&nbsp; opera\u00e7\u00f5es no canal virtual disponibilizado ao p\u00fablico em geral pela Astrodestino,&nbsp; com objetivo de viabilizar o oferecimento dos servi\u00e7os de astrologia fornecidos pela&nbsp; Astrodestino.&nbsp; Leia atentamente os Termos de Uso a seguir, pois que tais disposi\u00e7\u00f5es, amparadas&nbsp; na Lei 8.078\/1990 (C\u00f3digo de [&hellip;]","og_url":"https:\/\/astrodestino.com.br\/site\/politica-de-privacidade\/","og_site_name":"Astrodestino - Astrologia","article_modified_time":"2022-07-30T12:09:54+00:00","twitter_card":"summary_large_image","twitter_misc":{"Est. tempo de leitura":"12 minutos"},"schema":{"@context":"https:\/\/schema.org","@graph":[{"@type":"WebPage","@id":"https:\/\/astrodestino.com.br\/site\/politica-de-privacidade\/","url":"https:\/\/astrodestino.com.br\/site\/politica-de-privacidade\/","name":"Pol\u00edtica de privacidade - Astrodestino - Astrologia","isPartOf":{"@id":"https:\/\/astrodestino.com.br\/site\/#website"},"datePublished":"2022-02-22T21:29:10+00:00","dateModified":"2022-07-30T12:09:54+00:00","breadcrumb":{"@id":"https:\/\/astrodestino.com.br\/site\/politica-de-privacidade\/#breadcrumb"},"inLanguage":"pt-BR","potentialAction":[{"@type":"ReadAction","target":["https:\/\/astrodestino.com.br\/site\/politica-de-privacidade\/"]}]},{"@type":"BreadcrumbList","@id":"https:\/\/astrodestino.com.br\/site\/politica-de-privacidade\/#breadcrumb","itemListElement":[{"@type":"ListItem","position":1,"name":"In\u00edcio","item":"https:\/\/astrodestino.com.br\/site\/"},{"@type":"ListItem","position":2,"name":"Pol\u00edtica de privacidade"}]},{"@type":"WebSite","@id":"https:\/\/astrodestino.com.br\/site\/#website","url":"https:\/\/astrodestino.com.br\/site\/","name":"Astrodestino - Astrologia","description":"Estudos com base na pr\u00e1tica de mais de 30 anos de atendimento","potentialAction":[{"@type":"SearchAction","target":{"@type":"EntryPoint","urlTemplate":"https:\/\/astrodestino.com.br\/site\/?s={search_term_string}"},"query-input":{"@type":"PropertyValueSpecification","valueRequired":true,"valueName":"search_term_string"}}],"inLanguage":"pt-BR"}]}},"_links":{"self":[{"href":"https:\/\/astrodestino.com.br\/site\/wp-json\/wp\/v2\/pages\/3","targetHints":{"allow":["GET"]}}],"collection":[{"href":"https:\/\/astrodestino.com.br\/site\/wp-json\/wp\/v2\/pages"}],"about":[{"href":"https:\/\/astrodestino.com.br\/site\/wp-json\/wp\/v2\/types\/page"}],"author":[{"embeddable":true,"href":"https:\/\/astrodestino.com.br\/site\/wp-json\/wp\/v2\/users\/1"}],"replies":[{"embeddable":true,"href":"https:\/\/astrodestino.com.br\/site\/wp-json\/wp\/v2\/comments?post=3"}],"version-history":[{"count":1,"href":"https:\/\/astrodestino.com.br\/site\/wp-json\/wp\/v2\/pages\/3\/revisions"}],"predecessor-version":[{"id":8807,"href":"https:\/\/astrodestino.com.br\/site\/wp-json\/wp\/v2\/pages\/3\/revisions\/8807"}],"wp:attachment":[{"href":"https:\/\/astrodestino.com.br\/site\/wp-json\/wp\/v2\/media?parent=3"}],"curies":[{"name":"wp","href":"https:\/\/api.w.org\/{rel}","templated":true}]}}